*2 - 4*x + 7. Is f(g) prime?
False
Is 16189/9 - (-12)/162*3 prime?
False
Let l be 3 + 4 - -1*1. Let a = 16 - l. Let o = a + -1. Is o a prime number?
True
Is (6 + -4)/(-2)*-79 a composite number?
False
Let o be 312/169 + (-2)/(-13). Suppose 5*d - 459 = -4*r, o*d - d = -r + 92. Is d composite?
True
Let a(t) = t**3 - 14*t**2 + 16*t - 8. Let q = 44 - 31. Is a(q) composite?
False
Let a(h) = h - 2. Let n be a(2). Suppose 0 = -4*r - n*i + 5*i + 26, 3*i = -r + 15. Is 2 + -2 - r/(-1) a composite number?
True
Suppose 2*d + 2*p + 16 = 168, 0 = 4*p + 8. Suppose 2*o - 3*o = -2*t + 76, d = 2*t - 2*o. Is t composite?
False
Suppose -2*y - 2*i = -17 - 13, 4*y - 52 = 4*i. Suppose 0 = -f + y + 432. Is f prime?
False
Let y be 3*3/18*-634. Is (y/(-2))/(2/4) a prime number?
True
Let g(q) = 24*q + 13. Is g(6) a composite number?
False
Suppose 2*l + 8 = -0*l, -3*l - 116 = -4*v. Let f = 14 - v. Is (6/f)/((-2)/356) a composite number?
False
Let m(b) = -19*b + 1. Suppose -l + 0 = 2. Is m(l) a prime number?
False
Let t(f) = -2*f**2 + 7*f. Is t(3) a prime number?
True
Let w be 2*-2*(-5)/(-4). Let n(r) = -r**3 - 3*r**2 + 2*r - 7. Is n(w) prime?
False
Let u = 13 + -3. Suppose 335 = 3*q - u. Is q a composite number?
True
Let o(p) be the first derivative of 14*p**3 + p + 4 - 3*p**3 + 2*p**2 + 2*p. Is o(-2) prime?
True
Let c be 2/(-5) + 1232/5. Suppose w + c = 4*w + 5*o, 5*w - 376 = 3*o. Is w a prime number?
False
Let w(c) = -4*c**2 - 25*c - 5. Let l(o) = -2*o**2 - 13*o - 3. Let s(f) = -5*l(f) + 2*w(f). Is s(-10) a composite number?
True
Let n = 312 + 3. Suppose 0 = 4*j - n - 17. Is j prime?
True
Let y(x) be the first derivative of -x**4/4 + 14*x**3/3 - 9*x**2/2 + 9*x - 2. Is y(10) a composite number?
True
Suppose 3*l + 6*y = 2*y + 12, 2*y - 8 = -2*l. Suppose l*t + t + 4*o - 19 = 0, -6 = 2*t + 5*o. Is t a composite number?
False
Let h = -2 - -6. Suppose -5*z - 4*t = -1063, h*z + 0*t - 852 = -4*t. Is z a prime number?
True
Let a(f) = f**2. Let q(n) = -n**3 + 4*n**2 + 6*n - 6. Let k be q(5). Let o be (5 + 0)*(k + 2). Is a(o) prime?
False
Suppose -1125 + 3792 = 3*c. Is c a composite number?
True
Let m(j) = -20*j**3 + 3*j**2 + 4. Let x be m(3). Let g = 845 + x. Let c = g + -101. Is c prime?
False
Let c(f) = -f**2 + 6*f - 1. Suppose -2*l + 2*j = 0, 3*l - 27 = -2*l - 4*j. Let i be c(l). Suppose -2*q = -i, 6 + 12 = 3*k + 3*q. Is k composite?
False
Suppose -4*c = -1 + 5. Let l(g) = -111*g**3 - g**2 + g + 1. Let z be l(c). Suppose -2*u = 4*o - z, -2*u + 179 - 69 = -5*o. Is u prime?
False
Let j = 3520 + -861. Is j prime?
True
Suppose -4*y - 5*f + 2353 = 0, 3*y - 4*f = 1540 + 217. Is y prime?
True
Let o(c) = -23*c - 4. Let s be o(-11). Let q = s - 100. Is q prime?
True
Suppose 2*k + 3 + 1 = 0. Let y be k/5 - 39/15. Is 1 - (3/y - 45) a composite number?
False
Suppose -a + 5*k = -218, 5*k + 0*k - 897 = -4*a. Is a a prime number?
True
Let l(o) = -o**3 + 11*o**2 - 7*o + 8. Let x(f) = f**2 - f + 1. Let v(p) = l(p) - 2*x(p). Is v(7) composite?
True
Suppose 0 = v + g - 1352, 4*v + 2*g = 7*g + 5399. Is v prime?
False
Suppose -5*h + 3*a = -174, -4*a + 104 + 12 = 3*h. Suppose 0 = 4*r - 16 - h. Is 11/2*(1 + r) composite?
True
Let f(h) = 4*h**2 + 8*h - 13. Let m be f(-10). Suppose -5*o - m = -r, 4*o = -5*r + r + 1132. Is r a composite number?
True
Let g(d) = 2 + 5*d + 0*d + 6 + 4*d + 3*d**2. Let m be g(-6). Suppose w - 3*v - m = 0, w + 3*v = -3*w + 323. Is w prime?
False
Suppose -2*u + 3*u - 4 = 0. Suppose u*z + 4 = d, -2*d = -d + 4*z - 28. Is (-17)/4*d/(-2) a prime number?
False
Suppose i = -i + 16. Let u be (2/4 + 0)*i. Suppose u*v = -0*v + 124. Is v a composite number?
False
Suppose -6*j - 1227 = -4*v - 7*j, 2 = -2*j. Is v a prime number?
True
Suppose 3*t = -4*h + 19, 3*t = 5*h - 14 - 3. Let k = t + 2. Suppose -k*a + 20 = 4*b + a, b + 2*a = 3. Is b composite?
False
Let c(k) = -61*k**3 - 5*k**2 - 7*k - 3. Is c(-2) a prime number?
True
Suppose 3*t - 18 = -5*p, t - 5 = -p - 1. Suppose p*u = u + 6. Suppose -4*b + 4*y = -2*b - 42, -23 = -u*b - 2*y. Is b composite?
False
Let t(o) = -o**3 + 6*o**2 - o + 6. Let x be t(6). Suppose 3*z - 120 + 21 = x. Is z prime?
False
Suppose 0 = -3*c - 65 + 188. Suppose 222 = d + c. Suppose 5*q = 2*p + d, 5*q - 2*p = q + 144. Is q a prime number?
True
Suppose -7*f = -2*f. Let l = f + 0. Suppose q + 2*q - 45 = l. Is q composite?
True
Let j = -4 - -6. Suppose 0 = j*p + 3*p - 15. Suppose 2*q - 425 = -p*q. Is q a prime number?
False
Suppose 0 = -5*l - 0*l - 10. Let g be 9 + (-1 - 1) + l. Suppose -2*v - v + 5*c + 124 = 0, 0 = 5*v - g*c - 190. Is v composite?
True
Let h(p) = p + 37. Suppose -i - 25 = 4*i. Let x = 5 + i. Is h(x) prime?
True
Suppose 2*t - t - 275 = 0. Suppose -2*w - t = -7*w. Suppose 8 = 3*p - 3*j - w, -j + 48 = 2*p. Is p a prime number?
True
Let y(i) = -i**2 + 4. Let t be y(0). Suppose -t*w - 57 = -5*w. Is w composite?
True
Let l = -4 - -8. Suppose 3*y + l = -5. Is 23*(-1)/y*3 a prime number?
True
Let h(i) = -3*i**3 - 7*i**2 + 3*i + 12. Is h(-7) composite?
False
Suppose -37 - 7 = -2*l. Suppose 4*d - t - 10 - 7 = 0, -d - 5*t = l. Suppose 2*r + d*w = -28 + 90, 2*w + 8 = 0. Is r a prime number?
True
Let n(s) = -17*s**2 + 1. Let l be n(1). Let f be (9/6)/((-12)/l). Is f*65 - (-7 + 4) a prime number?
False
Let x be 1256/6*(-18)/(-4). Is (-2)/7 + x/14 a prime number?
True
Suppose 3*b - 5 = 2*b. Suppose b*a + 74 = 7*a. Is a prime?
True
Suppose 0*u = -2*u + 1418. Is u prime?
True
Suppose 4*c - 12 = 2*n, c + 15 = 4*n + n. Suppose 8*o - c*o = 357. Is o composite?
True
Suppose -2*x = x - 3231. Is x prime?
False
Let z = 289 + 232. Is z a prime number?
True
Suppose 5*g - 14 - 591 = 0. Is g a prime number?
False
Let o(v) = v**3 + 8*v**2 - 10*v + 10. Is o(-9) prime?
True
Suppose 0 = 4*b - 1 - 7. Suppose b*u - 11 - 117 = 2*t, u + t = 66. Is u composite?
True
Let q(l) = l**3 + 5. Let s = 1 - 1. Let i be q(s). Suppose -3*g = v - 3*v + 43, -37 = -2*v + i*g. Is v composite?
True
Let a(o) = 2580*o**2 - 2*o + 1. Is a(1) a prime number?
True
Suppose 6 = 2*z, 2*n + 2*z = 4*n - 4004. Is n prime?
False
Let g(c) = 1 - 2 - 3*c - c + 48*c**2. Is g(3) prime?
True
Let o be 40/25 + (-6)/10. Is (49 - -5) + (-3)/o a composite number?
True
Suppose 8*v - 3*v = -3*n + 794, 0 = 5*n - 3*v - 1312. Suppose -511 = -2*b - x, 0*b - 2*x + n = b. Is b a prime number?
False
Is 368883/45 + (2/(-5) - 0) a prime number?
False
Is 172 + 6/3 + -5 a prime number?
False
Suppose -l + 323 = -w + 2*w, 4*w + 976 = 3*l. Suppose 2*a + 62 = l. Is a prime?
True
Suppose -3*s - 3441 = -5*g, -2*g + 2273 - 903 = 2*s. Is g composite?
True
Let q be ((-2)/(-6))/((-2)/(-120)). Suppose 5*l - 5*r - 737 - 1148 = 0, 0 = -5*r + q. Is l a prime number?
False
Suppose -4*k + 4 + 60 = 0. Let n = 78 - k. Is n composite?
True
Suppose 8*l - 5*l - 2229 = 0. Is l a composite number?
False
Is 1/2 + (-9219)/(-14) a composite number?
False
Let f(d) = -233*d. Let s be f(-2). Suppose -x = x - s. Is x prime?
True
Let k(f) = 179*f + 4. Is k(3) prime?
True
Suppose 4*z - 27 = -5*u, z = -u + 4*z + 13. Let f = 40 - u. Is f prime?
False
Suppose -5*l = 2*p - 116, -2*p = p - 2*l - 174. Suppose -2*m + 165 = 4*z - 213, -5*m = -z + 122. Suppose 5*u - z = r + r, -p = -3*u + r. Is u composite?
False
Let g(c) = -14*c**2 + 4*c - 2. Let h be g(3). Let k = h - -171. Is k a composite number?
True
Suppose 3*d - 1031 = 1690. Is d a prime number?
True
Is 1 - (-363 - (-3 + 0)) prime?
False
Let z(v) = v**3 + v**2 + 13*v + 8. Is z(13) prime?
True
Suppose 31 + 191 = 4*q - 2*l, 4*l + 216 = 4*q. Is q a composite number?
True
Let u = -146 + 1839. Is u a composite number?
False
Suppose 3*u = -3*n + 15, 4*u + n = -u + 13. Let j(y) = 23*y**2 + 5*y - 5. Is j(u) composite?
False
Suppose -885 = -7*q + 4*q. Is q prime?
False
Let q(h) = -h**2 - 4*h - 3. Let f be q(-3). Suppose -p = f, -1 = c - 3*p - 3. Suppose -c*m = -59 + 21. Is m prime?
True
Suppose 4*i - 299 = -3*x, -15*x = 5*i - 20*x - 400. Is i prime?
False
Let q(k) = -k + 1. Let f = 3 - 4. Let w(i) = i**3 + 8*i**2 + 10*i + 8. Let d(o) = f*w(o) - 5*q(o). Is d(-9) a prime number?
True
Suppose -2 - 4 = -3*a, 67 = f + 4*a. Is (f/2)/((-1)/(-2)) composite?
False
Let d(w) be the second derivative of w**5/20 + 7*w**4/12 - 2*w**3/3 - 7*w**2/2 - 2*w. Is d(-6) composite?
False
Let o(h) = 4*h**2 + h - 1. Let q be o(1). Suppose -246 = -4